highest common divisor of 165 and 210?
15
What is the highest common factor of 16 and 44?
4
Calculate the highest common divisor of 1972 and 748.
68
Calculate the highest common factor of 27 and 51.
3
What is the greatest common factor of 117 and 54?
9
Calculate the highest common factor of 172 and 129.
43
Calculate the highest common divisor of 36 and 576.
36
What is the greatest common factor of 77 and 6237?
77
What is the highest common factor of 4983 and 132?
33
Calculate the highest common factor of 1162 and 14.
14
What is the highest common divisor of 656 and 369?
41
Calculate the greatest common factor of 2075 and 50.
25
Calculate the highest common factor of 402 and 1474.
134
Calculate the highest common factor of 1688 and 32.
8
Calculate the highest common divisor of 38 and 5833.
19
Calculate the greatest common divisor of 82 and 8487.
41
Calculate the greatest common divisor of 2950 and 2124.
118
Calculate the greatest common divisor of 1015 and 870.
145
Calculate the highest common divisor of 51 and 24.
3
Calculate the greatest common divisor of 49 and 32.
1
Calculate the greatest common divisor of 120 and 2544.
24
What is the greatest common divisor of 72 and 684?
36
Calculate the highest common factor of 2001 and 145.
29
What is the greatest common divisor of 14852 and 1738?
158
What is the greatest common divisor of 91648 and 358?
358
What is the greatest common factor of 20 and 3970?
10
What is the highest common divisor of 46 and 161?
23
What is the greatest common divisor of 370 and 10?
10
What is the greatest common factor of 13 and 286?
13
Calculate the highest common factor of 400 and 8.
8
Calculate the highest common factor of 274 and 6.
2
What is the highest common divisor of 14 and 346?
2
Calculate the greatest common factor of 6 and 38.
2
What is the highest common factor of 263 and 1?
1
Calculate the greatest common divisor of 97 and 485.
97
Calculate the highest common factor of 126 and 280.
14
What is the highest common factor of 168 and 52?
4
Calculate the greatest common factor of 143 and 1056.
11
Calculate the greatest common divisor of 10 and 70.
10
What is the highest common factor of 166 and 32?
2
Calculate the highest common factor of 27 and 27.
27
What is the highest common divisor of 21 and 588?
21
What is the greatest common factor of 1088 and 34?
34
Calculate the greatest common divisor of 5 and 10.
5
Calculate the greatest common divisor of 137298 and 14.
14
Calculate the highest common factor of 1335 and 105.
15
What is the greatest common factor of 3296 and 4?
4
Calculate the greatest common factor of 39592 and 14.
14
What is the highest common divisor of 3 and 381?
3
What is the highest common divisor of 6 and 4077?
3
Calculate the greatest common factor of 91 and 39.
13
What is the greatest common factor of 19208 and 16?
8
Calculate the highest common divisor of 235 and 15.
5
Calculate the highest common divisor of 11 and 121.
11
Calculate the highest common divisor of 125 and 40.
5
What is the greatest common divisor of 6715 and 17?
17
What is the greatest common factor of 120 and 690?
30
Calculate the greatest common divisor of 667 and 1131.
29
Calculate the greatest common divisor of 145 and 1305.
145
What is the highest common factor of 176 and 904?
8
What is the greatest common factor of 163 and 4727?
163
Calculate the greatest common divisor of 58 and 522.
58
What is the greatest common divisor of 219 and 6?
3
What is the highest common divisor of 54 and 20322?
18
What is the greatest common divisor of 31 and 3193?
31
What is the greatest common divisor of 1136 and 16?
16
Calculate the highest common divisor of 1038 and 12.
6
Calculate the greatest common divisor of 17970 and 50.
10
What is the highest common factor of 279 and 124?
31
Calculate the greatest common divisor of 16 and 368.
16
What is the highest common divisor of 2209 and 235?
47
Calculate the greatest common divisor of 714 and 170.
34
Calculate the greatest common factor of 319 and 1265.
11
Calculate the highest common divisor of 10 and 45.
5
Calculate the greatest common divisor of 90 and 530.
10
Calculate the greatest common factor of 2023 and 7.
7
What is the highest common factor of 57 and 133?
19
What is the greatest common factor of 1440 and 432?
144
What is the greatest common factor of 357 and 4760?
119
Calculate the highest common factor of 32 and 2432.
32
Calculate the highest common divisor of 9 and 33.
3
Calculate the greatest common factor of 8739 and 9.
9
What is the highest common divisor of 28 and 1169?
7
What is the highest common factor of 11 and 737?
11
Calculate the greatest common factor of 390 and 60.
30
Calculate the greatest common divisor of 131 and 6157.
131
Calculate the greatest common factor of 140 and 1792.
28
What is the highest common factor of 414 and 506?
46
Calculate the greatest common divisor of 202 and 3131.
101
What is the highest common factor of 805 and 575?
115
What is the highest common divisor of 70 and 686?
14
Calculate the highest common factor of 4998 and 102.
102
What is the greatest common factor of 328 and 40?
8
Calculate the greatest common divisor of 8 and 244.
4
What is the highest common divisor of 44 and 12?
4
What is the highest common divisor of 34 and 6086?
34
What is the highest common factor of 343 and 62083?
343
Calculate the highest common factor of 975 and 234.
39
Calculate the greatest common factor of 15 and 165.
15
What is the highest common divisor of 24 and 2456?
8
What is the highest common factor of 12214 and 62?
62
What is the highest common factor of 1500 and 255?
15
What is the greatest common divisor of 301 and 43?
43
What is the highest common divisor of 330 and 132?
66
What is the highest common factor of 128 and 80?
16
What is the highest common divisor of 104 and 260?
52
Calculate the highest common factor of 217 and 279.
31
Calculate the greatest common divisor of 27 and 432.
27
What is the greatest common factor of 56 and 868?
28
What is the greatest common factor of 60 and 1356?
12
What is the greatest common divisor of 1000 and 24?
8
Calculate the highest common factor of 11 and 44.
11
What is the highest common divisor of 1534 and 354?
118
What is the greatest common divisor of 152 and 24?
8
Calculate the highest common divisor of 16036 and 76.
76
What is the highest common divisor of 21 and 105?
21
What is the highest common factor of 435 and 522?
87
Calculate the greatest common divisor of 609 and 14.
7
What is the greatest common factor of 2 and 3?
1
Calculate the greatest common factor of 138 and 598.
46
Calculate the greatest common factor of 581 and 35.
7
What is the highest common divisor of 351 and 585?
117
What is the highest common factor of 24703 and 7?
7
Calculate the greatest common factor of 3686 and 304.
38
Calculate the highest common divisor of 301 and 215.
43
What is the greatest common divisor of 20 and 1008?
4
Calculate the greatest common divisor of 2114 and 98.
14
What is the greatest common divisor of 29 and 551?
29
Calculate the greatest common divisor of 217 and 84.
7
What is the highest common divisor of 9537 and 66?
33
Calculate the highest common factor of 248 and 1426.
62
Calculate the highest common divisor of 1573 and 154.
11
Calculate the highest common divisor of 39 and 13.
13
What is the greatest common divisor of 7 and 9975?
7
What is the highest common divisor of 99 and 45243?
99
What is the greatest common factor of 10 and 10?
10
What is the highest common divisor of 40 and 760?
40
Calculate the greatest common divisor of 6 and 2118.
6
What is the greatest common factor of 12314 and 94?
94
Calculate the highest common divisor of 4 and 212.
4
Calculate the highest common factor of 120 and 320.
40
Calculate the greatest common divisor of 1026 and 54.
54
Calculate the greatest common divisor of 348 and 928.
116
What is the highest common divisor of 36 and 1128?
12
What is the greatest common factor of 46 and 115?
23
Calculate the highest common divisor of 216 and 999.
27
What is the greatest common divisor of 50 and 16175?
25
What is the highest common divisor of 117 and 65?
13
Calculate the greatest common divisor of 935 and 473.
11
Calculate the highest common factor of 136 and 6494.
34
Calculate the highest 